the greatest common factor of 8773 and 2170?
31
Calculate the greatest common factor of 3884 and 164.
4
Calculate the highest common factor of 384 and 722784.
96
What is the greatest common factor of 272100 and 84?
12
Calculate the greatest common divisor of 2538 and 108378.
54
What is the greatest common divisor of 140 and 31540?
20
Calculate the highest common factor of 7072 and 181883.
221
Calculate the highest common factor of 544044 and 24.
12
Calculate the highest common divisor of 211118 and 849.
283
Calculate the highest common factor of 28 and 71890.
14
Calculate the greatest common factor of 2428725 and 1378.
689
What is the highest common divisor of 2925 and 455?
65
What is the highest common factor of 6150 and 103650?
150
What is the highest common divisor of 176351 and 118?
59
Calculate the greatest common divisor of 268371 and 522.
9
Calculate the greatest common factor of 2068 and 132.
44
Calculate the highest common factor of 43560 and 2124.
36
What is the greatest common factor of 20276 and 592?
148
What is the highest common factor of 253 and 103339?
23
Calculate the highest common factor of 26762 and 18.
2
What is the greatest common factor of 707478 and 1098?
366
Calculate the greatest common divisor of 77 and 5137.
11
Calculate the highest common factor of 3066 and 48027.
21
What is the greatest common factor of 10104 and 4008?
24
Calculate the highest common divisor of 7425 and 291225.
825
What is the highest common divisor of 24 and 2116056?
24
Calculate the highest common divisor of 3963179 and 11.
11
What is the highest common factor of 8825 and 2125?
25
What is the highest common divisor of 369 and 1644?
3
Calculate the greatest common divisor of 313284 and 876.
12
Calculate the greatest common divisor of 309153 and 39.
39
What is the highest common divisor of 1495 and 20240?
115
Calculate the greatest common factor of 245880 and 765.
45
What is the greatest common divisor of 4 and 103892?
4
What is the highest common factor of 93891 and 17?
17
What is the highest common factor of 146696 and 132?
44
Calculate the highest common divisor of 207 and 109043.
23
Calculate the highest common divisor of 1592 and 19303.
199
Calculate the greatest common divisor of 231 and 199353.
231
Calculate the highest common divisor of 128 and 1952.
32
What is the greatest common factor of 11 and 299783?
11
Calculate the greatest common factor of 3196 and 47188.
188
What is the greatest common factor of 134 and 148003?
67
What is the greatest common factor of 12 and 125118?
6
What is the highest common divisor of 1001 and 281463?
91
What is the greatest common factor of 30 and 100610?
10
Calculate the highest common divisor of 83610 and 1530.
90
What is the highest common factor of 37 and 208939?
37
What is the greatest common divisor of 685800 and 128?
8
What is the greatest common factor of 30 and 20082?
6
Calculate the highest common factor of 120 and 274095.
15
Calculate the highest common divisor of 5077 and 4.
1
What is the greatest common factor of 3514 and 14558?
502
Calculate the highest common divisor of 57703 and 2831.
19
What is the greatest common divisor of 1244 and 10299698?
622
Calculate the highest common factor of 438 and 23.
1
Calculate the highest common divisor of 38 and 761140.
38
What is the greatest common divisor of 406 and 691621?
203
Calculate the highest common factor of 57268 and 1236.
412
Calculate the highest common divisor of 18 and 253842.
6
Calculate the greatest common divisor of 7313 and 56959.
103
What is the greatest common factor of 102 and 11472?
6
Calculate the greatest common divisor of 9476 and 23276.
92
What is the highest common divisor of 828 and 33903?
9
Calculate the highest common factor of 247569 and 14.
7
Calculate the highest common factor of 105536 and 344.
8
Calculate the highest common divisor of 80828 and 121.
121
What is the highest common divisor of 429 and 8217?
33
Calculate the greatest common divisor of 985 and 20291.
197
What is the highest common divisor of 182 and 55832?
14
What is the greatest common divisor of 136 and 683927?
17
Calculate the highest common divisor of 925 and 184815.
185
Calculate the highest common divisor of 101604 and 12.
12
Calculate the highest common divisor of 1049 and 809.
1
Calculate the highest common factor of 2453819 and 158.
79
Calculate the greatest common divisor of 144 and 1465488.
144
Calculate the greatest common factor of 113724 and 585.
117
What is the greatest common factor of 2219 and 77?
7
Calculate the highest common divisor of 118658 and 316.
158
What is the greatest common divisor of 6968 and 546?
26
What is the highest common divisor of 31315 and 175?
5
What is the highest common factor of 480498 and 636?
318
What is the highest common factor of 87 and 59392?
29
What is the highest common factor of 7455 and 35?
35
Calculate the greatest common divisor of 2136 and 12015.
267
Calculate the highest common factor of 72 and 7587900.
36
What is the greatest common divisor of 1200 and 34560?
240
What is the greatest common divisor of 10188 and 360?
36
What is the greatest common factor of 8835 and 465?
465
Calculate the greatest common divisor of 296 and 48137.
37
What is the greatest common divisor of 1169 and 225784?
167
Calculate the highest common divisor of 435 and 241005.
15
What is the greatest common factor of 9786 and 42?
42
What is the greatest common factor of 1750 and 10075?
25
Calculate the greatest common factor of 184494 and 3686.
194
What is the highest common factor of 9814 and 14?
14
Calculate the highest common divisor of 4219540 and 260.
260
Calculate the highest common factor of 366633 and 5994.
999
What is the greatest common factor of 160132 and 2924?
172
What is the highest common factor of 276 and 81834?
138
What is the highest common divisor of 215445 and 530?
265
Calculate the highest common factor of 179 and 78939.
179
What is the greatest common factor of 2851981 and 11?
11
Calculate the greatest common divisor of 20 and 34172.
4
What is the greatest common factor of 1092 and 396123?
273
What is the greatest common divisor of 1016064 and 456?
24
What is the greatest common factor of 186291 and 117?
9
Calculate the greatest common divisor of 1277346 and 21.
21
What is the greatest common factor of 120465 and 45?
45
What is the greatest common factor of 266 and 59318?
266
What is the greatest common divisor of 444531 and 639?
213
Calculate the highest common factor of 783 and 1053483.
87
Calculate the highest common factor of 3951 and 24.
3
Calculate the highest common factor of 27 and 161208.
9
What is the greatest common divisor of 75 and 1995?
15
Calculate the greatest common factor of 188928 and 276.
12
Calculate the highest common divisor of 82 and 208198.
82
What is the greatest common factor of 190 and 1159760?
190
Calculate the highest common divisor of 55 and 29435.
5
Calculate the greatest common divisor of 1148 and 1666.
14
Calculate the highest common divisor of 240 and 3504.
48
Calculate the highest common factor of 10455 and 10200.
255
Calculate the greatest common divisor of 203 and 4408.
29
What is the highest common factor of 11456 and 2216?
8
What is the highest common divisor of 665 and 47595?
95
What is the highest common divisor of 46912 and 232?
8
What is the greatest common divisor of 231324 and 1776?
444
Calculate the highest common divisor of 6051108 and 24.
12
What is the greatest common divisor of 9918 and 48?
6
Calculate the highest common divisor of 808 and 2744.
8
What is the greatest common factor of 202840 and 660?
220
Calculate the highest common divisor of 593170 and 920.
230
What is the highest common factor of 191 and 526205?
191
Calculate the highest common factor of 31841 and 68.
17
What is the greatest common factor of 3375 and 75600?
675
What is the highest common factor of 598 and 10206066?
598
Calculate the greatest common divisor of 966 and 427.
7
What is the highest common divisor of 6904 and 2072?
8
What is the greatest common factor of 137529 and 259?
259
What is the highest common factor of 80 and 267456?
16
What is the greatest common factor of 25003 and 99?
11
Calculate the highest common divisor of 6071 and 56160.
13
What is the greatest common divisor of 1